f (4/(-2))/((-5)/v).
2
Let v(j) = j**3 + 3*j**2 + j - 1. Let s be v(-2). What are the prime factors of 129/6 - s/(-2)?
2, 11
Let s = 1067 + 53. List the prime factors of s.
2, 5, 7
Let k be 4*(-1 - (0 - 3)). Let v(u) = -2*u + 3 + 6*u + 2. List the prime factors of v(k).
37
Let q be -4*(3 - (-103)/(-4)). Suppose 0 = -s + q + 56. List the prime factors of s.
3, 7
Suppose 0 = -28*a + 32*a - 12. Let p = -2 - -12. List the prime factors of a/2 + p/20.
2
Let j be (-1)/(30/31 - 1). Let g = j - -20. What are the prime factors of g?
3, 17
Suppose x - c = c - 7, c = -4*x + 17. Suppose -4*w + 3*l = -3*w - 3, -4*w + 3 = -x*l. Suppose -4*t - 5*y + 123 = 0, w = -y - 6 + 1. List the prime factors of t.
37
Let k(d) be the second derivative of d**4/12 - d**3/3 - 4*d**2 - 5*d. Let c be k(0). List the prime factors of 4/(-8) + (-260)/c.
2
Suppose -8 = a - 5*l, 0*l = -a + l. Suppose a*i + 3 = 155. List the prime factors of i.
2, 19
Let n = -31 + 33. List the prime factors of 84/(-5)*(-4 - -1 - n).
2, 3, 7
Let f be 7/9 + -1 + 148/18. What are the prime factors of (f + -3)/(-5) - (-63 - -1)?
61
Suppose 0 = 4*c + 4*l - 16, 4*c - 3*c = 2*l - 5. Let g be ((-2)/4)/(3/(-252)). Let w = g - c. List the prime factors of w.
41
Let a = 23 - 18. Suppose g - 59 = b, 3*g + a*b + 59 = 4*g. What are the prime factors of g?
59
Let m(i) = -i**2 - 2*i - 3. Let n(t) = t**2 + 4*t + 1. Let v be n(-3). Let r be m(v). List the prime factors of (r - (-3 - 8))*1.
2
Suppose -8*x + 30 = -3*x. Let y(k) = -k + 12. List the prime factors of y(x).
2, 3
Suppose 337*n = 342*n - 5185. List the prime factors of n.
17, 61
Let w = -17 - 0. Let f = -12 - w. Suppose f*l - 66 = 2*g, 3*g + 21 = -0*l + l. What are the prime factors of l?
2, 3
Suppose 16 = 5*c + 11. Let g(j) = 221*j - 11. What are the prime factors of g(c)?
2, 3, 5, 7
Let c = 32 - 30. List the prime factors of (-355)/(-10) - 3/c.
2, 17
Suppose 5 = 3*t - 76. Suppose -t + 26 = -k. Suppose k - 6 = -5*q, 0 = g + q - 6. List the prime factors of g.
5
Suppose -68 = 5*o - o. Let k = -4 + -17. Let s = o - k. What are the prime factors of s?
2
Suppose -1173 - 8073 = -2*s + 4*t, 13881 = 3*s - 3*t. List the prime factors of s.
11, 421
Let p(v) = v**2 - 2*v + 2. Let d = -1 - -3. Let a be p(d). Suppose 0 = 3*b - 5*x - 75 - 28, 5*b - a*x - 140 = 0. List the prime factors of b.
2, 13
Suppose -928*i + 919*i = -25623. List the prime factors of i.
3, 13, 73
Suppose -2*c - 5*f - 18 = 0, 3*c - 5 = 2*c + f. Let a(m) = 115*m - 2. What are the prime factors of a(c)?
113
Suppose 3*h = 159 + 111. Let y be 808/(-14) + 4/(-14). Let i = y + h. What are the prime factors of i?
2
Suppose s = 2*j - s - 1266, 2*j - 1254 = 5*s. List the prime factors of j.
7, 13
Let f(g) = 198*g + 12. Let o be f(2). Suppose 2*i = -2*i + o. List the prime factors of i.
2, 3, 17
Suppose -9 = 5*t - 34. Let z(s) = s**2 + s - 4. What are the prime factors of z(t)?
2, 13
Suppose 3*n - 336 = 3*f, f = -4*n - 74 - 38. Let k = -55 - f. What are the prime factors of k?
3, 19
Let k = -2802 + 3104. What are the prime factors of k?
2, 151
Let c(o) = -81*o - 93. What are the prime factors of c(-27)?
2, 3, 349
What are the prime factors of 2963*((-143)/13 + 12)?
2963
Let y(b) = 3*b**2 + 24*b - 118. List the prime factors of y(-23).
7, 131
Let y(p) = p**2 - 8*p + 6. Let o be y(7). Let a = -45 - o. Let h = 62 + a. What are the prime factors of h?
2, 3
Let u(m) = -62*m + 59. List the prime factors of u(-11).
3, 13, 19
Suppose -5*f + 4*d = 7 - 39, 0 = -f + 3*d + 13. Suppose f*p = 3*p - 3. What are the prime factors of ((-57)/15)/(p/15)?
19
Suppose 0*f + 2*f = 6. Suppose -6*j + 27 = -f*j - 4*k, 0 = 5*j - k - 28. List the prime factors of ((-20)/25)/((-2)/j).
2
Let t = -14 - -19. Let z(x) = -x**2 - 11*x + 3. Let i be z(-11). Suppose 4*w + 3*c = w + 54, -i*w + 62 = -t*c. What are the prime factors of w?
19
Suppose -3*v - 9 = -0*v, 5*v = -r + 81. Let l = r + -53. List the prime factors of l.
43
What are the prime factors of (6 - 31)/(2 - 10/4)?
2, 5
Let m be (-3)/((-2)/(20/6)). Suppose m*n + 44 - 814 = 0. What are the prime factors of n?
2, 7, 11
Let l be (-10)/(-4) - 1/(-2). Suppose -l*n = -4*n - 61. Let i = 96 + n. What are the prime factors of i?
5, 7
Let j = -19 + 13. Let v be j/(2/((-16)/(-12))). Let o = 6 - v. What are the prime factors of o?
2, 5
Let l(t) = t**2 - 7*t + 7. Let c be l(7). Suppose -9*a = c*a - 112. List the prime factors of a.
7
Let h(t) = t**3 + 11*t**2 - 12*t + 3. Let m be h(-12). Let z(y) = y**2 - 1 + 24*y**m + 30*y**3 + 1. What are the prime factors of z(1)?
5, 11
Let f be 11/33 + (-31)/3. Let m(y) = -y**3 - 11*y**2 - 13*y - 22. What are the prime factors of m(f)?
2
Let l(f) = 5*f**2 - 4*f - 6. Let n be 5 - 0/(1/(3/(-3))). What are the prime factors of l(n)?
3, 11
Suppose -8*d + 12*d + 16 = 0. List the prime factors of ((-2)/d)/((-7)/(-1148)).
2, 41
Let r(n) = 5*n**3 - 1 + 0*n + 3*n - 6*n**3. Let l be r(5). Let i = -51 - l. List the prime factors of i.
2, 3, 5
Let i be -6*(10/(-3) + 3). Suppose i*v = 3*v + 132. What are the prime factors of (-2)/(-2*(-4)/v)?
3, 11
What are the prime factors of (-6 + 2 + -61)*-1*1?
5, 13
Suppose 2*l = 3*o + l - 1261, 3*l = -12. Let t = o + -220. List the prime factors of t.
199
Suppose 94 = -p + 3*p. Suppose 5*x + p = 327. Suppose 2*t - x = -t + 2*b, 4*b + 24 = 2*t. List the prime factors of t.
2, 11
Let x = -638 - -195. Let v = -250 - x. What are the prime factors of v?
193
Suppose -9 - 11 = -4*m. Suppose -5*o + 3*c = -348, 4*o + m*c = 369 - 61. List the prime factors of o.
2, 3
Let j be 1 - -2*(-6)/(-4). Suppose -b + j*p = 11, 2*b - 2*p - 7 = -b. Suppose 5*k = 3*h - 20, -b*k + 3*k - 50 = -4*h. What are the prime factors of h?
3, 5
Suppose 18 = -2*i + 5*i. Let y(p) = -6 + 2*p + 4*p - p. What are the prime factors of y(i)?
2, 3
Let g(f) = -4*f. Let a be g(-1). Suppose -a*r + 4*k = -64, -2*r + 18 = -3*k - 11. List the prime factors of r.
19
Suppose 10*k + 63 + 17 = 0. Let z(w) = -w**3 + 4*w**2 + 5*w + 7. Let g be z(5). List the prime factors of g + k + (-25)/(-1).
2, 3
Let v = -20 + 24. Suppose b = t + 72, v*b - 5*t - 181 = 108. Suppose -b - 59 = -5*a. What are the prime factors of a?
2, 13
Suppose -841 = -2*d + 3*j, -1089 = -4*d + 2*j + 605. List the prime factors of d.
5, 17
Let d = 293 + -199. What are the prime factors of 3 + d + (1 + 2)*-1?
2, 47
Let u(a) = a**2 - 7*a - 5. Let k = 2 - -6. Let n be u(k). Suppose 4*o - n = 281. What are the prime factors of o?
71
Let h = -9 - -9. Suppose h = 13*x - 8*x - 55. What are the prime factors of (-28)/(-154) - (-207)/x?
19
Suppose -5*b + 6 = -3*b. Suppose p = -3*v - 53, -b*p + 3*v = 150 - 27. What are the prime factors of 5/(10/4) - p?
2, 23
Suppose -f = -0*f + f. Suppose f = -2*h + 3*j + 183, 373 = 4*h - 0*j + j. What are the prime factors of h?
3, 31
Suppose -5*d + 2*m + 0*m + 3051 = 0, d = 2*m + 615. List the prime factors of d.
3, 7, 29
Let b be (4/(-3))/((-2)/111). Let y = 254 + -285. Let g = y + b. What are the prime factors of g?
43
Let q be (-8)/6*18/(-12). Suppose q*l - 182 = -24. List the prime factors of l.
79
Let k = 2814 + -935. List the prime factors of k.
1879
Let y be 3/(-4) - (-11)/4. Let w be y + 2 + -3 + 106. Suppose 3*i - 57 = -3*s, 5*i + s - w = -s. List the prime factors of i.
23
List the prime factors of 6/((-750)/(-537115)) + 2/25.
4297
Let s(l) = 1. Let a(u) = u - 13. Let z(c) = -2*a(c) - 14*s(c). Let f be z(-10). What are the prime factors of 45/(-18)*f/(-10)?
2
Let l(r) be the second derivative of 0 - 1/2*r**2 - 23/6*r**3 + 4*r. List the prime factors of l(-1).
2, 11
Let q be (0*(-4)/(-16))/1. Suppose q = f - 3 - 1. Suppose 0*y + 27 = y + f*g, 3*g = -4*y + 121. What are the prime factors of y?
31
Let i = -494 + 1296. What are the prime factors of i?
2, 401
Let l(u) = 29*u + 2. Let a be l(-4). Let r = -78 - a. List the prime factors of r.
2, 3
Suppose -3*u + 3*p + 711 = 0, -8*u = -11*u - 5*p + 743. List the prime factors of u.
241
Suppose 0*t + t = 0. Suppose -2*k - 3*a + 53 = t, -4*k - 22 = 2*a - 124. What are the prime factors of k?
5
Suppose 0 = 7*w - 5*w - 34. Suppose w*u = 23*u - 816. What are the prime factors of u?
2, 17
Suppose v = -3 + 8, 2*v = -c + 6. Let f be ((-369)/(-6))/((-2)/c). Suppose -3*o - 18 + f = 0. List the prime factors of o.
5, 7
Suppose 89470 - 16657 = 39*